[INFO] cloning repository https://github.com/regiontog/WebDM
[INFO] running `Command { std: "git" "-c" "credential.helper=" "-c" "credential.helper=/workspace/cargo-home/bin/git-credential-null" "clone" "--bare" "https://github.com/regiontog/WebDM" "/workspace/cache/git-repos/https%3A%2F%2Fgithub.com%2Fregiontog%2FWebDM", kill_on_drop: false }`
[INFO] [stderr] Cloning into bare repository '/workspace/cache/git-repos/https%3A%2F%2Fgithub.com%2Fregiontog%2FWebDM'...
[INFO] running `Command { std: "git" "rev-parse" "HEAD", kill_on_drop: false }`
[INFO] [stdout] 43b557295316668a975466354d86703f7ad3dd2d
[INFO] checking regiontog/WebDM against master#af3c6e733a40e671550e0f0f5aeecaa13772ba56 for pr-74989
[INFO] running `Command { std: "git" "clone" "/workspace/cache/git-repos/https%3A%2F%2Fgithub.com%2Fregiontog%2FWebDM" "/workspace/builds/worker-9/source", kill_on_drop: false }`
[INFO] [stderr] Cloning into '/workspace/builds/worker-9/source'...
[INFO] [stderr] done.
[INFO] validating manifest of git repo https://github.com/regiontog/WebDM on toolchain af3c6e733a40e671550e0f0f5aeecaa13772ba56
[INFO] running `Command { std: "/workspace/cargo-home/bin/cargo" "+af3c6e733a40e671550e0f0f5aeecaa13772ba56" "read-manifest" "--manifest-path" "Cargo.toml", kill_on_drop: false }`
[INFO] started tweaking git repo https://github.com/regiontog/WebDM
[INFO] removed path dependency pam from git repo https://github.com/regiontog/WebDM
[INFO] finished tweaking git repo https://github.com/regiontog/WebDM
[INFO] tweaked toml for git repo https://github.com/regiontog/WebDM written to /workspace/builds/worker-9/source/Cargo.toml
[INFO] crate git repo https://github.com/regiontog/WebDM already has a lockfile, it will not be regenerated
[INFO] running `Command { std: "/workspace/cargo-home/bin/cargo" "+af3c6e733a40e671550e0f0f5aeecaa13772ba56" "fetch" "--locked" "--manifest-path" "Cargo.toml", kill_on_drop: false }`
[INFO] [stderr] warning: dependency (pam) specified without providing a local path, Git repository, or version to use. This will be considered an error in future versions
[INFO] [stderr]     Blocking waiting for file lock on package cache
[INFO] [stderr]     Updating crates.io index
[INFO] [stderr] error: the lock file /workspace/builds/worker-9/source/Cargo.lock needs to be updated but --locked was passed to prevent this
[INFO] [stderr] If you want to try to generate the lock file without accessing the network, use the --offline flag.
[INFO] the lockfile is outdated, regenerating it
[INFO] running `Command { std: "/workspace/cargo-home/bin/cargo" "+af3c6e733a40e671550e0f0f5aeecaa13772ba56" "generate-lockfile" "--manifest-path" "Cargo.toml" "-Zno-index-update", kill_on_drop: false }`
[INFO] running `Command { std: "/workspace/cargo-home/bin/cargo" "+af3c6e733a40e671550e0f0f5aeecaa13772ba56" "fetch" "--locked" "--manifest-path" "Cargo.toml", kill_on_drop: false }`
[INFO] [stderr] warning: dependency (pam) specified without providing a local path, Git repository, or version to use. This will be considered an error in future versions
[INFO] [stderr]     Blocking waiting for file lock on package cache
[INFO] running `Command { std: "docker" "create" "-v" "/var/lib/crater-agent-workspace/builds/worker-9/target:/opt/rustwide/target:rw,Z" "-v" "/var/lib/crater-agent-workspace/builds/worker-9/source:/opt/rustwide/workdir:ro,Z" "-v" "/var/lib/crater-agent-workspace/cargo-home:/opt/rustwide/cargo-home:ro,Z" "-v" "/var/lib/crater-agent-workspace/rustup-home:/opt/rustwide/rustup-home:ro,Z" "-e" "SOURCE_DIR=/opt/rustwide/workdir" "-e" "CARGO_TARGET_DIR=/opt/rustwide/target" "-e" "CARGO_HOME=/opt/rustwide/cargo-home" "-e" "RUSTUP_HOME=/opt/rustwide/rustup-home" "-w" "/opt/rustwide/workdir" "-m" "1610612736" "--user" "0:0" "--network" "none" "rustops/crates-build-env@sha256:d92eaeed33fa75130ca1ee6c8a01d1ffb62bac859dfdfb3450e3e5d1c0146529" "/opt/rustwide/cargo-home/bin/cargo" "+af3c6e733a40e671550e0f0f5aeecaa13772ba56" "metadata" "--no-deps" "--format-version=1", kill_on_drop: false }`
[INFO] [stderr] WARNING: Your kernel does not support swap limit capabilities or the cgroup is not mounted. Memory limited without swap.
[INFO] [stdout] e3ebb093fb2a62dcafb4835b31d13a394d344ab0ac5ec8487783ccf07c13c2d5
[INFO] running `Command { std: "docker" "start" "-a" "e3ebb093fb2a62dcafb4835b31d13a394d344ab0ac5ec8487783ccf07c13c2d5", kill_on_drop: false }`
[INFO] running `Command { std: "docker" "inspect" "e3ebb093fb2a62dcafb4835b31d13a394d344ab0ac5ec8487783ccf07c13c2d5", kill_on_drop: false }`
[INFO] running `Command { std: "docker" "rm" "-f" "e3ebb093fb2a62dcafb4835b31d13a394d344ab0ac5ec8487783ccf07c13c2d5", kill_on_drop: false }`
[INFO] [stdout] e3ebb093fb2a62dcafb4835b31d13a394d344ab0ac5ec8487783ccf07c13c2d5
[INFO] running `Command { std: "docker" "create" "-v" "/var/lib/crater-agent-workspace/builds/worker-9/target:/opt/rustwide/target:rw,Z" "-v" "/var/lib/crater-agent-workspace/builds/worker-9/source:/opt/rustwide/workdir:ro,Z" "-v" "/var/lib/crater-agent-workspace/cargo-home:/opt/rustwide/cargo-home:ro,Z" "-v" "/var/lib/crater-agent-workspace/rustup-home:/opt/rustwide/rustup-home:ro,Z" "-e" "SOURCE_DIR=/opt/rustwide/workdir" "-e" "CARGO_TARGET_DIR=/opt/rustwide/target" "-e" "CARGO_INCREMENTAL=0" "-e" "RUST_BACKTRACE=full" "-e" "RUSTFLAGS=--cap-lints=forbid" "-e" "CARGO_HOME=/opt/rustwide/cargo-home" "-e" "RUSTUP_HOME=/opt/rustwide/rustup-home" "-w" "/opt/rustwide/workdir" "-m" "1610612736" "--user" "0:0" "--network" "none" "rustops/crates-build-env@sha256:d92eaeed33fa75130ca1ee6c8a01d1ffb62bac859dfdfb3450e3e5d1c0146529" "/opt/rustwide/cargo-home/bin/cargo" "+af3c6e733a40e671550e0f0f5aeecaa13772ba56" "check" "--frozen" "--all" "--all-targets" "--message-format=json", kill_on_drop: false }`
[INFO] [stderr] WARNING: Your kernel does not support swap limit capabilities or the cgroup is not mounted. Memory limited without swap.
[INFO] [stdout] eee08ba3fa449343e7cb1733fe2980ebc608126dacb36db5bda01d59c3ec3bcc
[INFO] running `Command { std: "docker" "start" "-a" "eee08ba3fa449343e7cb1733fe2980ebc608126dacb36db5bda01d59c3ec3bcc", kill_on_drop: false }`
[INFO] [stderr] warning: dependency (pam) specified without providing a local path, Git repository, or version to use. This will be considered an error in future versions
[INFO] [stderr]    Compiling pkg-config v0.3.18
[INFO] [stderr]    Compiling autocfg v0.1.7
[INFO] [stderr]    Compiling version_check v0.1.5
[INFO] [stderr]    Compiling syn v1.0.41
[INFO] [stderr]    Compiling serde v1.0.116
[INFO] [stderr]    Compiling gio v0.5.1
[INFO] [stderr]    Compiling proc-macro2 v0.4.30
[INFO] [stderr]     Checking matches v0.1.8
[INFO] [stderr]    Compiling cairo-rs v0.5.0
[INFO] [stderr]     Checking tinyvec v0.3.4
[INFO] [stderr]    Compiling gdk-pixbuf v0.5.0
[INFO] [stderr]     Checking remove_dir_all v0.5.3
[INFO] [stderr]     Checking fragile v0.3.0
[INFO] [stderr]    Compiling unicode-xid v0.1.0
[INFO] [stderr]    Compiling cc v1.0.59
[INFO] [stderr]    Compiling httparse v1.3.4
[INFO] [stderr]    Compiling ryu v1.0.5
[INFO] [stderr]    Compiling gdk v0.9.0
[INFO] [stderr]     Checking rand_core v0.4.2
[INFO] [stderr]    Compiling pam-sys v0.5.6
[INFO] [stderr]    Compiling serde_json v1.0.57
[INFO] [stderr]     Checking percent-encoding v1.0.1
[INFO] [stderr]    Compiling gtk v0.5.0
[INFO] [stderr]     Checking itoa v0.4.6
[INFO] [stderr]     Checking ascii v0.8.7
[INFO] [stderr]    Compiling nix v0.13.1
[INFO] [stderr]    Compiling proc-macro-hack v0.5.18
[INFO] [stderr]     Checking slab v0.4.2
[INFO] [stderr]     Checking adler32 v1.2.0
[INFO] [stderr]     Checking chunked_transfer v0.3.1
[INFO] [stderr]     Checking ansi_term v0.11.0
[INFO] [stderr]     Checking sha1 v0.6.0
[INFO] [stderr]     Checking void v1.0.2
[INFO] [stderr]     Checking fnv v1.0.7
[INFO] [stderr]     Checking strsim v0.8.0
[INFO] [stderr]     Checking crossbeam-utils v0.6.6
[INFO] [stderr]    Compiling rand_core v0.3.1
[INFO] [stderr]     Checking unicode-bidi v0.3.4
[INFO] [stderr]     Checking unicode-normalization v0.1.13
[INFO] [stderr]    Compiling unicase v1.4.2
[INFO] [stderr]    Compiling libc v0.2.77
[INFO] [stderr]     Checking crc32fast v1.2.0
[INFO] [stderr]    Compiling rand_xorshift v0.1.1
[INFO] [stderr]    Compiling rand_hc v0.1.0
[INFO] [stderr]    Compiling rand_isaac v0.1.1
[INFO] [stderr]     Checking rand v0.4.6
[INFO] [stderr]     Checking javascriptcore-rs-sys v0.1.2
[INFO] [stderr]     Checking net2 v0.2.35
[INFO] [stderr]     Checking num_cpus v1.13.0
[INFO] [stderr]     Checking iovec v0.1.4
[INFO] [stderr]     Checking dirs v1.0.5
[INFO] [stderr]     Checking rand v0.5.6
[INFO] [stderr]     Checking atty v0.2.14
[INFO] [stderr]     Checking users v0.8.1
[INFO] [stderr]     Checking filetime v0.2.12
[INFO] [stderr]     Checking users v0.9.1
[INFO] [stderr]     Checking log v0.3.9
[INFO] [stderr]     Checking twoway v0.1.8
[INFO] [stderr]     Checking buf_redux v0.8.4
[INFO] [stderr]    Compiling rand_pcg v0.1.2
[INFO] [stderr]    Compiling rand_chacha v0.1.1
[INFO] [stderr]    Compiling rand v0.6.5
[INFO] [stderr]     Checking gzip-header v0.3.0
[INFO] [stderr]     Checking crossbeam-channel v0.3.9
[INFO] [stderr]     Checking term v0.5.2
[INFO] [stderr]     Checking threadpool v1.8.1
[INFO] [stderr]     Checking clap v2.33.3
[INFO] [stderr]     Checking mio v0.6.22
[INFO] [stderr]    Compiling glib-sys v0.7.0
[INFO] [stderr]    Compiling gobject-sys v0.7.0
[INFO] [stderr]    Compiling gio-sys v0.7.0
[INFO] [stderr]    Compiling gdk-pixbuf-sys v0.7.0
[INFO] [stderr]    Compiling cairo-sys-rs v0.7.0
[INFO] [stderr]    Compiling pango-sys v0.7.0
[INFO] [stderr]    Compiling gdk-sys v0.7.0
[INFO] [stderr]    Compiling atk-sys v0.7.0
[INFO] [stderr]    Compiling gtk-sys v0.7.0
[INFO] [stderr]    Compiling soup-sys v0.7.0
[INFO] [stderr]    Compiling webkit2gtk-sys v0.7.0
[INFO] [stderr]    Compiling x11 v2.18.2
[INFO] [stderr]     Checking pam v0.7.0
[INFO] [stderr]     Checking mime v0.2.6
[INFO] [stderr]     Checking deflate v0.7.20
[INFO] [stderr]    Compiling rand_os v0.1.3
[INFO] [stderr]     Checking tempdir v0.3.7
[INFO] [stderr]    Compiling quote v0.6.13
[INFO] [stderr]     Checking idna v0.1.5
[INFO] [stderr]    Compiling phf_shared v0.7.24
[INFO] [stderr]     Checking tempfile v3.1.0
[INFO] [stderr]     Checking uuid v0.8.1
[INFO] [stderr]    Compiling phf v0.7.24
[INFO] [stderr]    Compiling syn v0.15.44
[INFO] [stderr]    Compiling brotli-sys v0.3.2
[INFO] [stderr]     Checking url v1.7.2
[INFO] [stderr]     Checking glib v0.6.1
[INFO] [stderr]     Checking tiny_http v0.6.2
[INFO] [stderr]    Compiling phf_generator v0.7.24
[INFO] [stderr]    Compiling phf_codegen v0.7.24
[INFO] [stderr]    Compiling mime_guess v1.8.8
[INFO] [stderr]    Compiling serde_derive v1.0.116
[INFO] [stderr]     Checking multipart v0.15.4
[INFO] [stderr]    Compiling const-c-str-impl v0.1.0
[INFO] [stderr]     Checking pango v0.5.0
[INFO] [stderr]     Checking javascriptcore-rs v0.5.0
[INFO] [stderr]     Checking const-c-str v0.1.1
[INFO] [stderr]     Checking brotli2 v0.3.2
[INFO] [stderr]     Checking bincode v1.3.1
[INFO] [stderr]     Checking toml v0.4.10
[INFO] [stderr]     Checking ipc-channel v0.12.2
[INFO] [stderr]     Checking rouille v3.0.0
[INFO] [stderr]     Checking webkit2gtk v0.5.1
[INFO] [stderr]     Checking webdm v0.1.0 (/opt/rustwide/workdir)
[INFO] [stdout] error[E0433]: failed to resolve: could not find `SetCredentialsError` in `pam`
[INFO] [stdout]   --> src/auth.rs:57:18
[INFO] [stdout]    |
[INFO] [stdout] 57 |             pam::SetCredentialsError::PamError(err) => DrainError::Pam(err),
[INFO] [stdout]    |                  ^^^^^^^^^^^^^^^^^^^ could not find `SetCredentialsError` in `pam`
[INFO] [stdout] 
[INFO] [stdout] 
[INFO] [stdout] error[E0433]: failed to resolve: could not find `SetCredentialsError` in `pam`
[INFO] [stdout]   --> src/auth.rs:58:18
[INFO] [stdout]    |
[INFO] [stdout] 58 |             pam::SetCredentialsError::InvalidUsername(err) => DrainError::InvalidUsername(err),
[INFO] [stdout]    |                  ^^^^^^^^^^^^^^^^^^^ could not find `SetCredentialsError` in `pam`
[INFO] [stdout] 
[INFO] [stdout] 
[INFO] [stdout] error[E0412]: cannot find type `SetCredentialsError` in crate `pam`
[INFO] [stdout]   --> src/auth.rs:54:16
[INFO] [stdout]    |
[INFO] [stdout] 54 | impl From<pam::SetCredentialsError> for DrainError {
[INFO] [stdout]    |                ^^^^^^^^^^^^^^^^^^^ not found in `pam`
[INFO] [stdout] 
[INFO] [stdout] 
[INFO] [stdout] error[E0412]: cannot find type `SetCredentialsError` in crate `pam`
[INFO] [stdout]   --> src/auth.rs:55:23
[INFO] [stdout]    |
[INFO] [stdout] 55 |     fn from(err: pam::SetCredentialsError) -> Self {
[INFO] [stdout]    |                       ^^^^^^^^^^^^^^^^^^^ not found in `pam`
[INFO] [stdout] 
[INFO] [stdout] 
[INFO] [stdout] warning: trait objects without an explicit `dyn` are deprecated
[INFO] [stdout]   --> src/webkit.rs:48:28
[INFO] [stdout]    |
[INFO] [stdout] 48 |             let f: Box<Box<Fn(&Self, &JavascriptResult) + 'static>> = Box::new(Box::new(f));
[INFO] [stdout]    |                            ^^^^^^^^^^^^^^^^^^^^^^^^^^^^^^^^^^^^^^ help: use `dyn`: `dyn Fn(&Self, &JavascriptResult) + 'static`
[INFO] [stdout]    |
[INFO] [stdout]    = note: `#[warn(bare_trait_objects)]` on by default
[INFO] [stdout] 
[INFO] [stdout] 
[INFO] [stdout] warning: trait objects without an explicit `dyn` are deprecated
[INFO] [stdout]    --> src/webkit.rs:108:15
[INFO] [stdout]     |
[INFO] [stdout] 108 |     let f: &&(Fn(&P, &webkit2gtk::JavascriptResult) + 'static) = std::mem::transmute(f);
[INFO] [stdout]     |               ^^^^^^^^^^^^^^^^^^^^^^^^^^^^^^^^^^^^^^^^^^^^^^^ help: use `dyn`: `dyn Fn(&P, &webkit2gtk::JavascriptResult) + 'static`
[INFO] [stdout] 
[INFO] [stdout] 
[INFO] [stdout] error[E0433]: failed to resolve: could not find `SetCredentialsError` in `pam`
[INFO] [stdout]   --> src/auth.rs:57:18
[INFO] [stdout]    |
[INFO] [stdout] 57 |             pam::SetCredentialsError::PamError(err) => DrainError::Pam(err),
[INFO] [stdout]    |                  ^^^^^^^^^^^^^^^^^^^ could not find `SetCredentialsError` in `pam`
[INFO] [stdout] 
[INFO] [stdout] 
[INFO] [stdout] error[E0433]: failed to resolve: could not find `SetCredentialsError` in `pam`
[INFO] [stdout]   --> src/auth.rs:58:18
[INFO] [stdout]    |
[INFO] [stdout] 58 |             pam::SetCredentialsError::InvalidUsername(err) => DrainError::InvalidUsername(err),
[INFO] [stdout]    |                  ^^^^^^^^^^^^^^^^^^^ could not find `SetCredentialsError` in `pam`
[INFO] [stdout] 
[INFO] [stdout] 
[INFO] [stdout] error[E0412]: cannot find type `SetCredentialsError` in crate `pam`
[INFO] [stdout]   --> src/auth.rs:54:16
[INFO] [stdout]    |
[INFO] [stdout] 54 | impl From<pam::SetCredentialsError> for DrainError {
[INFO] [stdout]    |                ^^^^^^^^^^^^^^^^^^^ not found in `pam`
[INFO] [stdout] 
[INFO] [stdout] 
[INFO] [stdout] error[E0412]: cannot find type `SetCredentialsError` in crate `pam`
[INFO] [stdout]   --> src/auth.rs:55:23
[INFO] [stdout]    |
[INFO] [stdout] 55 |     fn from(err: pam::SetCredentialsError) -> Self {
[INFO] [stdout]    |                       ^^^^^^^^^^^^^^^^^^^ not found in `pam`
[INFO] [stdout] 
[INFO] [stdout] 
[INFO] [stdout] warning: trait objects without an explicit `dyn` are deprecated
[INFO] [stdout]   --> src/webkit.rs:48:28
[INFO] [stdout]    |
[INFO] [stdout] 48 |             let f: Box<Box<Fn(&Self, &JavascriptResult) + 'static>> = Box::new(Box::new(f));
[INFO] [stdout]    |                            ^^^^^^^^^^^^^^^^^^^^^^^^^^^^^^^^^^^^^^ help: use `dyn`: `dyn Fn(&Self, &JavascriptResult) + 'static`
[INFO] [stdout]    |
[INFO] [stdout]    = note: `#[warn(bare_trait_objects)]` on by default
[INFO] [stdout] 
[INFO] [stdout] 
[INFO] [stdout] warning: trait objects without an explicit `dyn` are deprecated
[INFO] [stdout]    --> src/webkit.rs:108:15
[INFO] [stdout]     |
[INFO] [stdout] 108 |     let f: &&(Fn(&P, &webkit2gtk::JavascriptResult) + 'static) = std::mem::transmute(f);
[INFO] [stdout]     |               ^^^^^^^^^^^^^^^^^^^^^^^^^^^^^^^^^^^^^^^^^^^^^^^ help: use `dyn`: `dyn Fn(&P, &webkit2gtk::JavascriptResult) + 'static`
[INFO] [stdout] 
[INFO] [stdout] 
[INFO] [stdout] error[E0599]: no method named `environment` found for mutable reference `&mut Authenticator<'_, PasswordConv>` in the current scope
[INFO] [stdout]    --> src/main.rs:464:10
[INFO] [stdout]     |
[INFO] [stdout] 464 |         .environment()
[INFO] [stdout]     |          ^^^^^^^^^^^ method not found in `&mut Authenticator<'_, PasswordConv>`
[INFO] [stdout] 
[INFO] [stdout] 
[INFO] [stdout] error[E0599]: no method named `environment` found for mutable reference `&mut Authenticator<'_, PasswordConv>` in the current scope
[INFO] [stdout]    --> src/main.rs:464:10
[INFO] [stdout]     |
[INFO] [stdout] 464 |         .environment()
[INFO] [stdout]     |          ^^^^^^^^^^^ method not found in `&mut Authenticator<'_, PasswordConv>`
[INFO] [stdout] 
[INFO] [stdout] 
[INFO] [stdout] error[E0599]: no method named `handler` found for mutable reference `&mut Authenticator<'_, PasswordConv>` in the current scope
[INFO] [stdout]    --> src/main.rs:469:60
[INFO] [stdout]     |
[INFO] [stdout] 469 |     let user = users::get_user_by_name(authenticator.pam().handler().username()).ok_or(
[INFO] [stdout]     |                                                            ^^^^^^^ method not found in `&mut Authenticator<'_, PasswordConv>`
[INFO] [stdout] 
[INFO] [stdout] 
[INFO] [stdout] error[E0599]: no method named `handler` found for mutable reference `&mut Authenticator<'_, PasswordConv>` in the current scope
[INFO] [stdout]    --> src/main.rs:469:60
[INFO] [stdout]     |
[INFO] [stdout] 469 |     let user = users::get_user_by_name(authenticator.pam().handler().username()).ok_or(
[INFO] [stdout]     |                                                            ^^^^^^^ method not found in `&mut Authenticator<'_, PasswordConv>`
[INFO] [stdout] 
[INFO] [stdout] 
[INFO] [stdout] error[E0599]: no method named `handler` found for struct `Authenticator<'a, PasswordConv>` in the current scope
[INFO] [stdout]    --> src/auth.rs:121:49
[INFO] [stdout]     |
[INFO] [stdout] 121 |                         let username = self.pam.handler().username().to_string();
[INFO] [stdout]     |                                                 ^^^^^^^ method not found in `Authenticator<'a, PasswordConv>`
[INFO] [stdout] 
[INFO] [stdout] 
[INFO] [stdout] error[E0599]: no method named `handler` found for struct `Authenticator<'a, PasswordConv>` in the current scope
[INFO] [stdout]    --> src/auth.rs:121:49
[INFO] [stdout]     |
[INFO] [stdout] 121 |                         let username = self.pam.handler().username().to_string();
[INFO] [stdout]     |                                                 ^^^^^^^ method not found in `Authenticator<'a, PasswordConv>`
[INFO] [stdout] 
[INFO] [stdout] 
[INFO] [stdout] error[E0599]: no method named `env` found for struct `Authenticator<'a, PasswordConv>` in the current scope
[INFO] [stdout]    --> src/auth.rs:123:34
[INFO] [stdout]     |
[INFO] [stdout] 123 |                         self.pam.env("XDG_SESSION_TYPE", "x11")?;
[INFO] [stdout]     |                                  ^^^ method not found in `Authenticator<'a, PasswordConv>`
[INFO] [stdout] 
[INFO] [stdout] 
[INFO] [stdout] error[E0599]: no method named `env` found for struct `Authenticator<'a, PasswordConv>` in the current scope
[INFO] [stdout]    --> src/auth.rs:123:34
[INFO] [stdout]     |
[INFO] [stdout] 123 |                         self.pam.env("XDG_SESSION_TYPE", "x11")?;
[INFO] [stdout]     |                                  ^^^ method not found in `Authenticator<'a, PasswordConv>`
[INFO] [stdout] 
[INFO] [stdout] 
[INFO] [stdout] error[E0599]: no method named `env` found for struct `Authenticator<'a, PasswordConv>` in the current scope
[INFO] [stdout]    --> src/auth.rs:124:34
[INFO] [stdout]     |
[INFO] [stdout] 124 |                         self.pam.env("XDG_SESSION_CLASS", "user")?;
[INFO] [stdout]     |                                  ^^^ method not found in `Authenticator<'a, PasswordConv>`
[INFO] [stdout] 
[INFO] [stdout] 
[INFO] [stdout] error[E0599]: no method named `env` found for struct `Authenticator<'a, PasswordConv>` in the current scope
[INFO] [stdout]    --> src/auth.rs:124:34
[INFO] [stdout]     |
[INFO] [stdout] 124 |                         self.pam.env("XDG_SESSION_CLASS", "user")?;
[INFO] [stdout]     |                                  ^^^ method not found in `Authenticator<'a, PasswordConv>`
[INFO] [stdout] 
[INFO] [stdout] 
[INFO] [stdout] error[E0599]: no method named `env` found for struct `Authenticator<'a, PasswordConv>` in the current scope
[INFO] [stdout]    --> src/auth.rs:125:34
[INFO] [stdout]     |
[INFO] [stdout] 125 |                         self.pam.env("XDG_VTNR", &self.vtnr.to_string())?;
[INFO] [stdout]     |                                  ^^^ method not found in `Authenticator<'a, PasswordConv>`
[INFO] [stdout] 
[INFO] [stdout] 
[INFO] [stdout] error[E0599]: no method named `env` found for struct `Authenticator<'a, PasswordConv>` in the current scope
[INFO] [stdout]    --> src/auth.rs:125:34
[INFO] [stdout]     |
[INFO] [stdout] 125 |                         self.pam.env("XDG_VTNR", &self.vtnr.to_string())?;
[INFO] [stdout]     |                                  ^^^ method not found in `Authenticator<'a, PasswordConv>`
[INFO] [stdout] 
[INFO] [stdout] 
[INFO] [stdout] error[E0599]: no method named `env` found for struct `Authenticator<'a, PasswordConv>` in the current scope
[INFO] [stdout]    --> src/auth.rs:126:34
[INFO] [stdout]     |
[INFO] [stdout] 126 |                         self.pam.env("XDG_SEAT", "seat0")?;
[INFO] [stdout]     |                                  ^^^ method not found in `Authenticator<'a, PasswordConv>`
[INFO] [stdout] 
[INFO] [stdout] 
[INFO] [stdout] error[E0599]: no method named `env` found for struct `Authenticator<'a, PasswordConv>` in the current scope
[INFO] [stdout]    --> src/auth.rs:130:34
[INFO] [stdout]     |
[INFO] [stdout] 130 |                         self.pam.env("DISPLAY", &self.display)?;
[INFO] [stdout]     |                                  ^^^ method not found in `Authenticator<'a, PasswordConv>`
[INFO] [stdout] 
[INFO] [stdout] 
[INFO] [stdout] error[E0599]: no method named `env` found for struct `Authenticator<'a, PasswordConv>` in the current scope
[INFO] [stdout]    --> src/auth.rs:126:34
[INFO] [stdout]     |
[INFO] [stdout] 126 |                         self.pam.env("XDG_SEAT", "seat0")?;
[INFO] [stdout]     |                                  ^^^ method not found in `Authenticator<'a, PasswordConv>`
[INFO] [stdout] 
[INFO] [stdout] 
[INFO] [stdout] error[E0599]: no method named `env` found for struct `Authenticator<'a, PasswordConv>` in the current scope
[INFO] [stdout]    --> src/auth.rs:130:34
[INFO] [stdout]     |
[INFO] [stdout] 130 |                         self.pam.env("DISPLAY", &self.display)?;
[INFO] [stdout]     |                                  ^^^ method not found in `Authenticator<'a, PasswordConv>`
[INFO] [stdout] 
[INFO] [stdout] 
[INFO] [stdout] error[E0599]: no method named `env` found for struct `Authenticator<'a, PasswordConv>` in the current scope
[INFO] [stdout]    --> src/auth.rs:131:34
[INFO] [stdout]     |
[INFO] [stdout] 131 |                         self.pam.env("USER", &username)?;
[INFO] [stdout]     |                                  ^^^ method not found in `Authenticator<'a, PasswordConv>`
[INFO] [stdout] 
[INFO] [stdout] 
[INFO] [stdout] error[E0599]: no method named `env` found for struct `Authenticator<'a, PasswordConv>` in the current scope
[INFO] [stdout]    --> src/auth.rs:131:34
[INFO] [stdout]     |
[INFO] [stdout] 131 |                         self.pam.env("USER", &username)?;
[INFO] [stdout]     |                                  ^^^ method not found in `Authenticator<'a, PasswordConv>`
[INFO] [stdout] 
[INFO] [stdout] 
[INFO] [stdout] error[E0599]: no method named `env` found for struct `Authenticator<'a, PasswordConv>` in the current scope
[INFO] [stdout]    --> src/auth.rs:143:46
[INFO] [stdout]     |
[INFO] [stdout] 143 | ...                   self.pam.env("SHELL", &user.shell().to_string_lossy())?;
[INFO] [stdout]     |                                ^^^ method not found in `Authenticator<'a, PasswordConv>`
[INFO] [stdout] 
[INFO] [stdout] 
[INFO] [stdout] error[E0599]: no method named `env` found for struct `Authenticator<'a, PasswordConv>` in the current scope
[INFO] [stdout]    --> src/auth.rs:143:46
[INFO] [stdout]     |
[INFO] [stdout] 143 | ...                   self.pam.env("SHELL", &user.shell().to_string_lossy())?;
[INFO] [stdout]     |                                ^^^ method not found in `Authenticator<'a, PasswordConv>`
[INFO] [stdout] 
[INFO] [stdout] 
[INFO] [stdout] error[E0599]: no method named `env` found for struct `Authenticator<'a, PasswordConv>` in the current scope
[INFO] [stdout]    --> src/auth.rs:144:46
[INFO] [stdout]     |
[INFO] [stdout] 144 | ...                   self.pam.env("HOME", &user.home_dir().to_string_lossy())?;
[INFO] [stdout]     |                                ^^^ method not found in `Authenticator<'a, PasswordConv>`
[INFO] [stdout] 
[INFO] [stdout] 
[INFO] [stdout] error[E0599]: no method named `env` found for struct `Authenticator<'a, PasswordConv>` in the current scope
[INFO] [stdout]    --> src/auth.rs:144:46
[INFO] [stdout]     |
[INFO] [stdout] 144 | ...                   self.pam.env("HOME", &user.home_dir().to_string_lossy())?;
[INFO] [stdout]     |                                ^^^ method not found in `Authenticator<'a, PasswordConv>`
[INFO] [stdout] 
[INFO] [stdout] 
[INFO] [stdout] error[E0599]: no method named `env` found for struct `Authenticator<'a, PasswordConv>` in the current scope
[INFO] [stdout]    --> src/auth.rs:145:46
[INFO] [stdout]     |
[INFO] [stdout] 145 | ...                   self.pam.env("PWD", &user.home_dir().to_string_lossy())?;
[INFO] [stdout]     |                                ^^^ method not found in `Authenticator<'a, PasswordConv>`
[INFO] [stdout] 
[INFO] [stdout] 
[INFO] [stdout] error[E0599]: no method named `env` found for struct `Authenticator<'a, PasswordConv>` in the current scope
[INFO] [stdout]    --> src/auth.rs:145:46
[INFO] [stdout]     |
[INFO] [stdout] 145 | ...                   self.pam.env("PWD", &user.home_dir().to_string_lossy())?;
[INFO] [stdout]     |                                ^^^ method not found in `Authenticator<'a, PasswordConv>`
[INFO] [stdout] 
[INFO] [stdout] 
[INFO] [stdout] error[E0599]: no method named `handler_mut` found for struct `Authenticator<'a, PasswordConv>` in the current scope
[INFO] [stdout]    --> src/auth.rs:167:30
[INFO] [stdout]     |
[INFO] [stdout] 167 | ...                   .handler_mut()
[INFO] [stdout]     |                        ^^^^^^^^^^^ method not found in `Authenticator<'a, PasswordConv>`
[INFO] [stdout] 
[INFO] [stdout] 
[INFO] [stdout] error[E0599]: no method named `handler_mut` found for struct `Authenticator<'a, PasswordConv>` in the current scope
[INFO] [stdout]    --> src/auth.rs:167:30
[INFO] [stdout]     |
[INFO] [stdout] 167 | ...                   .handler_mut()
[INFO] [stdout]     |                        ^^^^^^^^^^^ method not found in `Authenticator<'a, PasswordConv>`
[INFO] [stdout] 
[INFO] [stdout] 
[INFO] [stdout] warning: unused import: `pam::Converse`
[INFO] [stdout]  --> src/auth.rs:2:5
[INFO] [stdout]   |
[INFO] [stdout] 2 | use pam::Converse;
[INFO] [stdout]   |     ^^^^^^^^^^^^^
[INFO] [stdout]   |
[INFO] [stdout]   = note: `#[warn(unused_imports)]` on by default
[INFO] [stdout] 
[INFO] [stdout] 
[INFO] [stdout] warning: unused import: `pam::Converse`
[INFO] [stdout]   --> src/main.rs:18:5
[INFO] [stdout]    |
[INFO] [stdout] 18 | use pam::Converse;
[INFO] [stdout]    |     ^^^^^^^^^^^^^
[INFO] [stdout] 
[INFO] [stdout] 
[INFO] [stdout] warning: unused import: `pam::Converse`
[INFO] [stdout]  --> src/auth.rs:2:5
[INFO] [stdout]   |
[INFO] [stdout] 2 | use pam::Converse;
[INFO] [stdout]   |     ^^^^^^^^^^^^^
[INFO] [stdout]   |
[INFO] [stdout]   = note: `#[warn(unused_imports)]` on by default
[INFO] [stdout] 
[INFO] [stdout] 
[INFO] [stdout] warning: unused import: `pam::Converse`
[INFO] [stdout]   --> src/main.rs:18:5
[INFO] [stdout]    |
[INFO] [stdout] 18 | use pam::Converse;
[INFO] [stdout]    |     ^^^^^^^^^^^^^
[INFO] [stdout] 
[INFO] [stdout] 
[INFO] [stdout] error: aborting due to 17 previous errors; 4 warnings emitted
[INFO] [stdout] 
[INFO] [stdout] 
[INFO] [stdout] Some errors have detailed explanations: E0412, E0433, E0599.
[INFO] [stdout] 
[INFO] [stdout] For more information about an error, try `rustc --explain E0412`.
[INFO] [stdout] 
[INFO] [stdout] error: aborting due to 17 previous errors; 4 warnings emitted
[INFO] [stdout] 
[INFO] [stdout] 
[INFO] [stdout] Some errors have detailed explanations: E0412, E0433, E0599.
[INFO] [stdout] 
[INFO] [stdout] For more information about an error, try `rustc --explain E0412`.
[INFO] [stdout] 
[INFO] [stderr] error: could not compile `webdm`.
[INFO] [stderr] 
[INFO] [stderr] To learn more, run the command again with --verbose.
[INFO] [stderr] warning: build failed, waiting for other jobs to finish...
[INFO] [stderr] error: build failed
[INFO] running `Command { std: "docker" "inspect" "eee08ba3fa449343e7cb1733fe2980ebc608126dacb36db5bda01d59c3ec3bcc", kill_on_drop: false }`
[INFO] running `Command { std: "docker" "rm" "-f" "eee08ba3fa449343e7cb1733fe2980ebc608126dacb36db5bda01d59c3ec3bcc", kill_on_drop: false }`
[INFO] [stdout] eee08ba3fa449343e7cb1733fe2980ebc608126dacb36db5bda01d59c3ec3bcc
